[INFO] cloning repository https://github.com/Haider-Ali-Dev/lolbase
[INFO] running `Command { std: "git" "-c" "credential.helper=" "-c" "credential.helper=/workspace/cargo-home/bin/git-credential-null" "clone" "--bare" "https://github.com/Haider-Ali-Dev/lolbase" "/workspace/cache/git-repos/https%3A%2F%2Fgithub.com%2FHaider-Ali-Dev%2Flolbase", kill_on_drop: false }`
[INFO] [stderr] Cloning into bare repository '/workspace/cache/git-repos/https%3A%2F%2Fgithub.com%2FHaider-Ali-Dev%2Flolbase'...
[INFO] running `Command { std: "git" "rev-parse" "HEAD", kill_on_drop: false }`
[INFO] [stdout] b9a010e92d4f82d455d61dec57c7dcc91ac24bd3
[INFO] checking Haider-Ali-Dev/lolbase against master#e6e4f7ed1589e03bc2f6c5931c1a72e7947e8682 for beta-170-4
[INFO] running `Command { std: "git" "clone" "/workspace/cache/git-repos/https%3A%2F%2Fgithub.com%2FHaider-Ali-Dev%2Flolbase" "/workspace/builds/worker-3-tc2/source", kill_on_drop: false }`
[INFO] [stderr] Cloning into '/workspace/builds/worker-3-tc2/source'...
[INFO] [stderr] done.
[INFO] validating manifest of git repo https://github.com/Haider-Ali-Dev/lolbase on toolchain e6e4f7ed1589e03bc2f6c5931c1a72e7947e8682
[INFO] running `Command { std: CARGO_HOME="/workspace/cargo-home" RUSTUP_HOME="/workspace/rustup-home" "/workspace/cargo-home/bin/cargo" "+e6e4f7ed1589e03bc2f6c5931c1a72e7947e8682" "metadata" "--manifest-path" "Cargo.toml" "--no-deps", kill_on_drop: false }`
[INFO] started tweaking git repo https://github.com/Haider-Ali-Dev/lolbase
[INFO] finished tweaking git repo https://github.com/Haider-Ali-Dev/lolbase
[INFO] tweaked toml for git repo https://github.com/Haider-Ali-Dev/lolbase written to /workspace/builds/worker-3-tc2/source/Cargo.toml
[INFO] crate git repo https://github.com/Haider-Ali-Dev/lolbase already has a lockfile, it will not be regenerated
[INFO] running `Command { std: CARGO_HOME="/workspace/cargo-home" RUSTUP_HOME="/workspace/rustup-home" "/workspace/cargo-home/bin/cargo" "+e6e4f7ed1589e03bc2f6c5931c1a72e7947e8682" "fetch" "--manifest-path" "Cargo.toml", kill_on_drop: false }`
[INFO] running `Command { std: "docker" "create" "-v" "/var/lib/crater-agent-workspace/builds/worker-3-tc2/target:/opt/rustwide/target:rw,Z" "-v" "/var/lib/crater-agent-workspace/builds/worker-3-tc2/source:/opt/rustwide/workdir:ro,Z" "-v" "/var/lib/crater-agent-workspace/cargo-home:/opt/rustwide/cargo-home:ro,Z" "-v" "/var/lib/crater-agent-workspace/rustup-home:/opt/rustwide/rustup-home:ro,Z" "-e" "SOURCE_DIR=/opt/rustwide/workdir" "-e" "CARGO_TARGET_DIR=/opt/rustwide/target" "-e" "CARGO_HOME=/opt/rustwide/cargo-home" "-e" "RUSTUP_HOME=/opt/rustwide/rustup-home" "-w" "/opt/rustwide/workdir" "-m" "1610612736" "--user" "0:0" "--network" "none" "ghcr.io/rust-lang/crates-build-env/linux@sha256:19e73879b68f455e41552ea35293514db52ea292d993f571636dbffedb77a1ee" "/opt/rustwide/cargo-home/bin/cargo" "+e6e4f7ed1589e03bc2f6c5931c1a72e7947e8682" "metadata" "--no-deps" "--format-version=1", kill_on_drop: false }`
[INFO] [stdout] 186338b7cb9d5f5a5e020e353b4d0c49b1bf68068abc4704bcec739444457e4e
[INFO] running `Command { std: "docker" "start" "-a" "186338b7cb9d5f5a5e020e353b4d0c49b1bf68068abc4704bcec739444457e4e", kill_on_drop: false }`
[INFO] running `Command { std: "docker" "inspect" "186338b7cb9d5f5a5e020e353b4d0c49b1bf68068abc4704bcec739444457e4e", kill_on_drop: false }`
[INFO] running `Command { std: "docker" "rm" "-f" "186338b7cb9d5f5a5e020e353b4d0c49b1bf68068abc4704bcec739444457e4e", kill_on_drop: false }`
[INFO] [stdout] 186338b7cb9d5f5a5e020e353b4d0c49b1bf68068abc4704bcec739444457e4e
[INFO] running `Command { std: "docker" "create" "-v" "/var/lib/crater-agent-workspace/builds/worker-3-tc2/target:/opt/rustwide/target:rw,Z" "-v" "/var/lib/crater-agent-workspace/builds/worker-3-tc2/source:/opt/rustwide/workdir:ro,Z" "-v" "/var/lib/crater-agent-workspace/cargo-home:/opt/rustwide/cargo-home:ro,Z" "-v" "/var/lib/crater-agent-workspace/rustup-home:/opt/rustwide/rustup-home:ro,Z" "-e" "SOURCE_DIR=/opt/rustwide/workdir" "-e" "CARGO_TARGET_DIR=/opt/rustwide/target" "-e" "CARGO_INCREMENTAL=0" "-e" "RUST_BACKTRACE=full" "-e" "RUSTFLAGS=--cap-lints=forbid" "-e" "RUSTDOCFLAGS=--cap-lints=forbid" "-e" "CARGO_HOME=/opt/rustwide/cargo-home" "-e" "RUSTUP_HOME=/opt/rustwide/rustup-home" "-w" "/opt/rustwide/workdir" "-m" "1610612736" "--user" "0:0" "--network" "none" "ghcr.io/rust-lang/crates-build-env/linux@sha256:19e73879b68f455e41552ea35293514db52ea292d993f571636dbffedb77a1ee" "/opt/rustwide/cargo-home/bin/cargo" "+e6e4f7ed1589e03bc2f6c5931c1a72e7947e8682" "check" "--frozen" "--all" "--all-targets" "--message-format=json", kill_on_drop: false }`
[INFO] [stdout] 4543c84eb480ea4d89612a514eab49571da627048110684abe110d9b6aaeba17
[INFO] running `Command { std: "docker" "start" "-a" "4543c84eb480ea4d89612a514eab49571da627048110684abe110d9b6aaeba17", kill_on_drop: false }`
[INFO] [stderr]    Compiling libc v0.2.133
[INFO] [stderr]    Compiling autocfg v1.1.0
[INFO] [stderr]    Compiling proc-macro2 v1.0.43
[INFO] [stderr]    Compiling unicode-ident v1.0.4
[INFO] [stderr]    Compiling quote v1.0.21
[INFO] [stderr]    Compiling syn v1.0.100
[INFO] [stderr]    Compiling version_check v0.9.4
[INFO] [stderr]    Compiling cfg-if v1.0.0
[INFO] [stderr]    Compiling log v0.4.17
[INFO] [stderr]    Compiling typenum v1.15.0
[INFO] [stderr]    Compiling memchr v2.5.0
[INFO] [stderr]    Compiling futures-core v0.3.24
[INFO] [stderr]     Checking once_cell v1.15.0
[INFO] [stderr]    Compiling cc v1.0.73
[INFO] [stderr]    Compiling pkg-config v0.3.25
[INFO] [stderr]     Checking pin-project-lite v0.2.9
[INFO] [stderr]     Checking smallvec v1.9.0
[INFO] [stderr]    Compiling futures-task v0.3.24
[INFO] [stderr]    Compiling serde_derive v1.0.144
[INFO] [stderr]     Checking bytes v1.2.1
[INFO] [stderr]    Compiling openssl v0.10.41
[INFO] [stderr]    Compiling serde v1.0.144
[INFO] [stderr]    Compiling generic-array v0.14.6
[INFO] [stderr]    Compiling lock_api v0.4.9
[INFO] [stderr]    Compiling num-traits v0.2.15
[INFO] [stderr]    Compiling ahash v0.7.6
[INFO] [stderr]    Compiling parking_lot_core v0.9.3
[INFO] [stderr]    Compiling futures-util v0.3.24
[INFO] [stderr]    Compiling tokio v1.21.1
[INFO] [stderr]    Compiling parking_lot_core v0.8.5
[INFO] [stderr]    Compiling native-tls v0.2.10
[INFO] [stderr]     Checking itoa v1.0.3
[INFO] [stderr]     Checking futures-sink v0.3.24
[INFO] [stderr]    Compiling num-integer v0.1.45
[INFO] [stderr]    Compiling crossbeam-utils v0.8.11
[INFO] [stderr]    Compiling subtle v2.4.1
[INFO] [stderr]    Compiling getrandom v0.2.7
[INFO] [stderr]     Checking num_cpus v1.13.1
[INFO] [stderr]     Checking socket2 v0.4.7
[INFO] [stderr]     Checking signal-hook-registry v1.4.0
[INFO] [stderr]     Checking mio v0.8.4
[INFO] [stderr]    Compiling serde_json v1.0.85
[INFO] [stderr]    Compiling tinyvec_macros v0.1.0
[INFO] [stderr]    Compiling openssl-sys v0.9.75
[INFO] [stderr]     Checking parking_lot v0.12.1
[INFO] [stderr]     Checking bitflags v1.3.2
[INFO] [stderr]    Compiling tinyvec v1.6.0
[INFO] [stderr]    Compiling indexmap v1.9.1
[INFO] [stderr]    Compiling thiserror v1.0.35
[INFO] [stderr]    Compiling crossbeam-queue v0.3.6
[INFO] [stderr]     Checking http v0.2.8
[INFO] [stderr]    Compiling instant v0.1.12
[INFO] [stderr]    Compiling unicode-bidi v0.3.8
[INFO] [stderr]     Checking percent-encoding v2.2.0
[INFO] [stderr]    Compiling futures-channel v0.3.24
[INFO] [stderr]    Compiling scopeguard v1.1.0
[INFO] [stderr]    Compiling openssl-probe v0.1.5
[INFO] [stderr]     Checking form_urlencoded v1.1.0
[INFO] [stderr]    Compiling hashbrown v0.12.3
[INFO] [stderr]    Compiling crypto-common v0.1.6
[INFO] [stderr]    Compiling block-buffer v0.10.3
[INFO] [stderr]    Compiling rand_core v0.6.4
[INFO] [stderr]    Compiling digest v0.10.5
[INFO] [stderr]    Compiling dirs-sys v0.3.7
[INFO] [stderr]     Checking tracing-core v0.1.29
[INFO] [stderr]    Compiling unicode-normalization v0.1.22
[INFO] [stderr]    Compiling unicode-segmentation v1.10.0
[INFO] [stderr]    Compiling cpufeatures v0.2.5
[INFO] [stderr]     Checking ryu v1.0.11
[INFO] [stderr]    Compiling minimal-lexical v0.2.1
[INFO] [stderr]     Checking tower-service v0.3.2
[INFO] [stderr]    Compiling ppv-lite86 v0.2.16
[INFO] [stderr]    Compiling httparse v1.8.0
[INFO] [stderr]    Compiling either v1.8.0
[INFO] [stderr]     Checking tracing v0.1.36
[INFO] [stderr]    Compiling itertools v0.10.5
[INFO] [stderr]    Compiling heck v0.4.0
[INFO] [stderr]    Compiling nom v7.1.1
[INFO] [stderr]    Compiling dirs v4.0.0
[INFO] [stderr]    Compiling hmac v0.12.1
[INFO] [stderr]    Compiling rand_chacha v0.3.1
[INFO] [stderr]    Compiling parking_lot v0.11.2
[INFO] [stderr]     Checking http-body v0.4.5
[INFO] [stderr]    Compiling idna v0.3.0
[INFO] [stderr]    Compiling async-trait v0.1.57
[INFO] [stderr]    Compiling paste v1.0.9
[INFO] [stderr]    Compiling unicode_categories v0.1.1
[INFO] [stderr]    Compiling pin-utils v0.1.0
[INFO] [stderr]     Checking tower-layer v0.3.1
[INFO] [stderr]    Compiling rustversion v1.0.9
[INFO] [stderr]    Compiling crc-catalog v2.1.0
[INFO] [stderr]    Compiling encoding_rs v0.8.31
[INFO] [stderr]    Compiling iana-time-zone v0.1.49
[INFO] [stderr]    Compiling crc v3.0.0
[INFO] [stderr]    Compiling chrono v0.4.22
[INFO] [stderr]    Compiling futures-intrusive v0.4.0
[INFO] [stderr]    Compiling rand v0.8.5
[INFO] [stderr]    Compiling stringprep v0.1.2
[INFO] [stderr]    Compiling hkdf v0.12.3
[INFO] [stderr]    Compiling url v2.3.1
[INFO] [stderr]    Compiling dotenvy v0.15.5
[INFO] [stderr]    Compiling hashlink v0.8.1
[INFO] [stderr]    Compiling atoi v1.0.0
[INFO] [stderr]    Compiling sha2 v0.10.6
[INFO] [stderr]    Compiling sha1 v0.10.5
[INFO] [stderr]    Compiling md-5 v0.10.4
[INFO] [stderr]     Checking time v0.1.44
[INFO] [stderr]    Compiling multer v2.0.4
[INFO] [stderr]    Compiling base64 v0.13.0
[INFO] [stderr]    Compiling event-listener v2.5.3
[INFO] [stderr]    Compiling sqlformat v0.2.0
[INFO] [stderr]    Compiling byteorder v1.4.3
[INFO] [stderr]    Compiling uuid v1.1.2
[INFO] [stderr]    Compiling hex v0.4.3
[INFO] [stderr]    Compiling whoami v1.2.3
[INFO] [stderr]     Checking want v0.3.0
[INFO] [stderr]     Checking http-range-header v0.3.0
[INFO] [stderr]     Checking httpdate v1.0.2
[INFO] [stderr]     Checking spin v0.9.4
[INFO] [stderr]    Compiling tokio-stream v0.1.10
[INFO] [stderr]     Checking sync_wrapper v0.1.1
[INFO] [stderr]     Checking matchit v0.5.0
[INFO] [stderr]    Compiling openssl-macros v0.1.0
[INFO] [stderr]    Compiling tokio-macros v1.8.0
[INFO] [stderr]    Compiling thiserror-impl v1.0.35
[INFO] [stderr]    Compiling pin-project-internal v1.0.12
[INFO] [stderr]    Compiling strum_macros v0.24.3
[INFO] [stderr]     Checking axum-core v0.2.8
[INFO] [stderr]     Checking pin-project v1.0.12
[INFO] [stderr]     Checking strum v0.24.1
[INFO] [stderr]    Compiling tokio-native-tls v0.3.0
[INFO] [stderr]    Compiling sqlx-rt v0.6.2
[INFO] [stderr]     Checking tower v0.4.13
[INFO] [stderr]     Checking hyper v0.14.20
[INFO] [stderr]     Checking tower-http v0.3.4
[INFO] [stderr]     Checking serde_urlencoded v0.7.1
[INFO] [stderr]     Checking axum v0.5.16
[INFO] [stderr]     Checking sqlx-core v0.6.2
[INFO] [stderr]    Compiling sqlx-macros v0.6.2
[INFO] [stderr]     Checking sqlx v0.6.2
[INFO] [stderr]     Checking lolbase v0.1.0 (/opt/rustwide/workdir)
[INFO] [stdout] error: error communicating with database: Cannot assign requested address (os error 99)
[INFO] [stdout]   --> src/lib/db/mod.rs:31:20
[INFO] [stdout]    |
[INFO] [stdout] 31 |         let rows = sqlx::query!("SELECT * FROM rows where for_column = $1", id.into_inner())
[INFO] [stdout]    |                    ^^^^^^^^^^^^^^^^^^^^^^^^^^^^^^^^^^^^^^^^^^^^^^^^^^^^^^^^^^^^^^^^^^^^^^^^^
[INFO] [stdout]    |
[INFO] [stdout]    = note: this error originates in the macro `$crate::sqlx_macros::expand_query` which comes from the expansion of the macro `sqlx::query` (in Nightly builds, run with -Z macro-backtrace for more info)
[INFO] [stdout] 
[INFO] [stdout] 
[INFO] [stdout] error: error communicating with database: Cannot assign requested address (os error 99)
[INFO] [stdout]   --> src/lib/db/mod.rs:50:23
[INFO] [stdout]    |
[INFO] [stdout] 50 |           let columns = sqlx::query!(
[INFO] [stdout]    |  _______________________^
[INFO] [stdout] 51 | |             "SELECT * FROM columns WHERE for_record = $1",
[INFO] [stdout] 52 | |             id.into_inner()
[INFO] [stdout] 53 | |         )
[INFO] [stdout]    | |_________^
[INFO] [stdout]    |
[INFO] [stdout]    = note: this error originates in the macro `$crate::sqlx_macros::expand_query` which comes from the expansion of the macro `sqlx::query` (in Nightly builds, run with -Z macro-backtrace for more info)
[INFO] [stdout] 
[INFO] [stdout] 
[INFO] [stdout] error: error communicating with database: Cannot assign requested address (os error 99)
[INFO] [stdout]   --> src/lib/db/mod.rs:31:20
[INFO] [stdout]    |
[INFO] [stdout] 31 |         let rows = sqlx::query!("SELECT * FROM rows where for_column = $1", id.into_inner())
[INFO] [stdout]    |                    ^^^^^^^^^^^^^^^^^^^^^^^^^^^^^^^^^^^^^^^^^^^^^^^^^^^^^^^^^^^^^^^^^^^^^^^^^
[INFO] [stdout]    |
[INFO] [stdout]    = note: this error originates in the macro `$crate::sqlx_macros::expand_query` which comes from the expansion of the macro `sqlx::query` (in Nightly builds, run with -Z macro-backtrace for more info)
[INFO] [stdout] 
[INFO] [stdout] 
[INFO] [stdout] error: error communicating with database: Cannot assign requested address (os error 99)
[INFO] [stdout]   --> src/lib/db/mod.rs:71:23
[INFO] [stdout]    |
[INFO] [stdout] 71 |         let records = sqlx::query!("SELECT * FROM records")
[INFO] [stdout]    |                       ^^^^^^^^^^^^^^^^^^^^^^^^^^^^^^^^^^^^^
[INFO] [stdout]    |
[INFO] [stdout]    = note: this error originates in the macro `$crate::sqlx_macros::expand_query` which comes from the expansion of the macro `sqlx::query` (in Nightly builds, run with -Z macro-backtrace for more info)
[INFO] [stdout] 
[INFO] [stdout] 
[INFO] [stdout] error: error communicating with database: Cannot assign requested address (os error 99)
[INFO] [stdout]   --> src/lib/db/mod.rs:50:23
[INFO] [stdout]    |
[INFO] [stdout] 50 |           let columns = sqlx::query!(
[INFO] [stdout]    |  _______________________^
[INFO] [stdout] 51 | |             "SELECT * FROM columns WHERE for_record = $1",
[INFO] [stdout] 52 | |             id.into_inner()
[INFO] [stdout] 53 | |         )
[INFO] [stdout]    | |_________^
[INFO] [stdout]    |
[INFO] [stdout]    = note: this error originates in the macro `$crate::sqlx_macros::expand_query` which comes from the expansion of the macro `sqlx::query` (in Nightly builds, run with -Z macro-backtrace for more info)
[INFO] [stdout] 
[INFO] [stdout] 
[INFO] [stdout] error: error communicating with database: Cannot assign requested address (os error 99)
[INFO] [stdout]   --> src/lib/db/mod.rs:91:9
[INFO] [stdout]    |
[INFO] [stdout] 91 | /         sqlx::query!(
[INFO] [stdout] 92 | |             "INSERT INTO records(name, record_id, created_on) VALUES($1, $2, $3)",
[INFO] [stdout] 93 | |             record.name,
[INFO] [stdout] 94 | |             record.record_id.into_inner(),
[INFO] [stdout] 95 | |             record.created_on
[INFO] [stdout] 96 | |         )
[INFO] [stdout]    | |_________^
[INFO] [stdout]    |
[INFO] [stdout]    = note: this error originates in the macro `$crate::sqlx_macros::expand_query` which comes from the expansion of the macro `sqlx::query` (in Nightly builds, run with -Z macro-backtrace for more info)
[INFO] [stdout] 
[INFO] [stdout] 
[INFO] [stdout] error: error communicating with database: Cannot assign requested address (os error 99)
[INFO] [stdout]   --> src/lib/db/mod.rs:71:23
[INFO] [stdout]    |
[INFO] [stdout] 71 |         let records = sqlx::query!("SELECT * FROM records")
[INFO] [stdout]    |                       ^^^^^^^^^^^^^^^^^^^^^^^^^^^^^^^^^^^^^
[INFO] [stdout]    |
[INFO] [stdout]    = note: this error originates in the macro `$crate::sqlx_macros::expand_query` which comes from the expansion of the macro `sqlx::query` (in Nightly builds, run with -Z macro-backtrace for more info)
[INFO] [stdout] 
[INFO] [stdout] 
[INFO] [stdout] error: error communicating with database: Cannot assign requested address (os error 99)
[INFO] [stdout]    --> src/lib/db/mod.rs:105:9
[INFO] [stdout]     |
[INFO] [stdout] 105 | /         sqlx::query!(
[INFO] [stdout] 106 | |             "INSERT INTO columns(name, for_record, column_id, created_on) VALUES($1, $2, $3, $4)",
[INFO] [stdout] 107 | |             column.name,
[INFO] [stdout] 108 | |             column.for_record.into_inner(),
[INFO] [stdout] 109 | |             column.id.into_inner(),
[INFO] [stdout] 110 | |             column.created_on
[INFO] [stdout] 111 | |         )
[INFO] [stdout]     | |_________^
[INFO] [stdout]     |
[INFO] [stdout]     = note: this error originates in the macro `$crate::sqlx_macros::expand_query` which comes from the expansion of the macro `sqlx::query` (in Nightly builds, run with -Z macro-backtrace for more info)
[INFO] [stdout] 
[INFO] [stdout] 
[INFO] [stdout] error: error communicating with database: Cannot assign requested address (os error 99)
[INFO] [stdout]   --> src/lib/db/mod.rs:91:9
[INFO] [stdout]    |
[INFO] [stdout] 91 | /         sqlx::query!(
[INFO] [stdout] 92 | |             "INSERT INTO records(name, record_id, created_on) VALUES($1, $2, $3)",
[INFO] [stdout] 93 | |             record.name,
[INFO] [stdout] 94 | |             record.record_id.into_inner(),
[INFO] [stdout] 95 | |             record.created_on
[INFO] [stdout] 96 | |         )
[INFO] [stdout]    | |_________^
[INFO] [stdout]    |
[INFO] [stdout]    = note: this error originates in the macro `$crate::sqlx_macros::expand_query` which comes from the expansion of the macro `sqlx::query` (in Nightly builds, run with -Z macro-backtrace for more info)
[INFO] [stdout] 
[INFO] [stdout] 
[INFO] [stdout] error: error communicating with database: Cannot assign requested address (os error 99)
[INFO] [stdout]    --> src/lib/db/mod.rs:105:9
[INFO] [stdout]     |
[INFO] [stdout] 105 | /         sqlx::query!(
[INFO] [stdout] 106 | |             "INSERT INTO columns(name, for_record, column_id, created_on) VALUES($1, $2, $3, $4)",
[INFO] [stdout] 107 | |             column.name,
[INFO] [stdout] 108 | |             column.for_record.into_inner(),
[INFO] [stdout] 109 | |             column.id.into_inner(),
[INFO] [stdout] 110 | |             column.created_on
[INFO] [stdout] 111 | |         )
[INFO] [stdout]     | |_________^
[INFO] [stdout]     |
[INFO] [stdout]     = note: this error originates in the macro `$crate::sqlx_macros::expand_query` which comes from the expansion of the macro `sqlx::query` (in Nightly builds, run with -Z macro-backtrace for more info)
[INFO] [stdout] 
[INFO] [stdout] 
[INFO] [stdout] error: error communicating with database: Cannot assign requested address (os error 99)
[INFO] [stdout]    --> src/lib/db/mod.rs:119:9
[INFO] [stdout]     |
[INFO] [stdout] 119 | /         sqlx::query!(
[INFO] [stdout] 120 | |             "INSERT INTO rows(for_column, row_id, value, value_type) VALUES($1, $2, $3, $4)",
[INFO] [stdout] 121 | |             row.for_column.into_inner(),
[INFO] [stdout] 122 | |             row.row_id.into_inner(),
[INFO] [stdout] 123 | |             row.value,
[INFO] [stdout] 124 | |             row.value_type.to_string()
[INFO] [stdout] 125 | |         )
[INFO] [stdout]     | |_________^
[INFO] [stdout]     |
[INFO] [stdout]     = note: this error originates in the macro `$crate::sqlx_macros::expand_query` which comes from the expansion of the macro `sqlx::query` (in Nightly builds, run with -Z macro-backtrace for more info)
[INFO] [stdout] 
[INFO] [stdout] 
[INFO] [stdout] error: error communicating with database: Cannot assign requested address (os error 99)
[INFO] [stdout]    --> src/lib/db/mod.rs:119:9
[INFO] [stdout]     |
[INFO] [stdout] 119 | /         sqlx::query!(
[INFO] [stdout] 120 | |             "INSERT INTO rows(for_column, row_id, value, value_type) VALUES($1, $2, $3, $4)",
[INFO] [stdout] 121 | |             row.for_column.into_inner(),
[INFO] [stdout] 122 | |             row.row_id.into_inner(),
[INFO] [stdout] 123 | |             row.value,
[INFO] [stdout] 124 | |             row.value_type.to_string()
[INFO] [stdout] 125 | |         )
[INFO] [stdout]     | |_________^
[INFO] [stdout]     |
[INFO] [stdout]     = note: this error originates in the macro `$crate::sqlx_macros::expand_query` which comes from the expansion of the macro `sqlx::query` (in Nightly builds, run with -Z macro-backtrace for more info)
[INFO] [stdout] 
[INFO] [stdout] 
[INFO] [stdout] warning: unused import: `NaiveDate`
[INFO] [stdout]  --> src/lib/mod.rs:1:29
[INFO] [stdout]   |
[INFO] [stdout] 1 | use chrono::{NaiveDateTime, NaiveDate, Utc};
[INFO] [stdout]   |                             ^^^^^^^^^
[INFO] [stdout]   |
[INFO] [stdout]   = note: `#[warn(unused_imports)]` on by default
[INFO] [stdout] 
[INFO] [stdout] 
[INFO] [stdout] warning: unused imports: `IntoInner`, `ValueType`
[INFO] [stdout]  --> src/lib/db/mod.rs:8:54
[INFO] [stdout]   |
[INFO] [stdout] 8 |     error::ApiError, Column, ColumnId, ColumnOutput, IntoInner, Record, RecordId, RecordOutput,
[INFO] [stdout]   |                                                      ^^^^^^^^^
[INFO] [stdout] 9 |     Row, RowId, RowOutput, ValueType,
[INFO] [stdout]   |                            ^^^^^^^^^
[INFO] [stdout] 
[INFO] [stdout] 
[INFO] [stdout] warning: unused import: `std::string::ToString`
[INFO] [stdout]  --> src/lib/mod.rs:6:5
[INFO] [stdout]   |
[INFO] [stdout] 6 | use std::string::ToString;
[INFO] [stdout]   |     ^^^^^^^^^^^^^^^^^^^^^
[INFO] [stdout] 
[INFO] [stdout] 
[INFO] [stdout] warning: unused import: `NaiveDate`
[INFO] [stdout]  --> src/lib/mod.rs:1:29
[INFO] [stdout]   |
[INFO] [stdout] 1 | use chrono::{NaiveDateTime, NaiveDate, Utc};
[INFO] [stdout]   |                             ^^^^^^^^^
[INFO] [stdout]   |
[INFO] [stdout]   = note: `#[warn(unused_imports)]` on by default
[INFO] [stdout] 
[INFO] [stdout] 
[INFO] [stdout] warning: unused imports: `IntoInner`, `ValueType`
[INFO] [stdout]  --> src/lib/db/mod.rs:8:54
[INFO] [stdout]   |
[INFO] [stdout] 8 |     error::ApiError, Column, ColumnId, ColumnOutput, IntoInner, Record, RecordId, RecordOutput,
[INFO] [stdout]   |                                                      ^^^^^^^^^
[INFO] [stdout] 9 |     Row, RowId, RowOutput, ValueType,
[INFO] [stdout]   |                            ^^^^^^^^^
[INFO] [stdout] 
[INFO] [stdout] 
[INFO] [stdout] warning: unused import: `std::string::ToString`
[INFO] [stdout]  --> src/lib/mod.rs:6:5
[INFO] [stdout]   |
[INFO] [stdout] 6 | use std::string::ToString;
[INFO] [stdout]   |     ^^^^^^^^^^^^^^^^^^^^^
[INFO] [stdout] 
[INFO] [stdout] 
[INFO] [stdout] warning: unused variable: `state`
[INFO] [stdout]   --> src/lib/web/routes.rs:11:15
[INFO] [stdout]    |
[INFO] [stdout] 11 |     Extension(state): Extension<Arc<State>>,
[INFO] [stdout]    |               ^^^^^ help: if this is intentional, prefix it with an underscore: `_state`
[INFO] [stdout]    |
[INFO] [stdout]    = note: `#[warn(unused_variables)]` on by default
[INFO] [stdout] 
[INFO] [stdout] 
[INFO] [stdout] warning: unused variable: `content_type`
[INFO] [stdout]   --> src/lib/web/routes.rs:16:13
[INFO] [stdout]    |
[INFO] [stdout] 16 |         let content_type =
[INFO] [stdout]    |             ^^^^^^^^^^^^ help: if this is intentional, prefix it with an underscore: `_content_type`
[INFO] [stdout] 
[INFO] [stdout] 
[INFO] [stdout] warning: unused variable: `state`
[INFO] [stdout]   --> src/lib/web/routes.rs:11:15
[INFO] [stdout]    |
[INFO] [stdout] 11 |     Extension(state): Extension<Arc<State>>,
[INFO] [stdout]    |               ^^^^^ help: if this is intentional, prefix it with an underscore: `_state`
[INFO] [stdout]    |
[INFO] [stdout]    = note: `#[warn(unused_variables)]` on by default
[INFO] [stdout] 
[INFO] [stdout] 
[INFO] [stdout] warning: unused variable: `content_type`
[INFO] [stdout]   --> src/lib/web/routes.rs:16:13
[INFO] [stdout]    |
[INFO] [stdout] 16 |         let content_type =
[INFO] [stdout]    |             ^^^^^^^^^^^^ help: if this is intentional, prefix it with an underscore: `_content_type`
[INFO] [stdout] 
[INFO] [stdout] 
[INFO] [stdout] error: aborting due to 6 previous errors; 5 warnings emitted
[INFO] [stdout] 
[INFO] [stdout] 
[INFO] [stdout] error: aborting due to 6 previous errors; 5 warnings emitted
[INFO] [stdout] 
[INFO] [stdout] 
[INFO] [stderr] error: could not compile `lolbase` (lib) due to 7 previous errors; 5 warnings emitted
[INFO] [stderr] warning: build failed, waiting for other jobs to finish...
[INFO] [stderr] error: could not compile `lolbase` (lib test) due to 7 previous errors; 5 warnings emitted
[INFO] running `Command { std: "docker" "inspect" "4543c84eb480ea4d89612a514eab49571da627048110684abe110d9b6aaeba17", kill_on_drop: false }`
[INFO] running `Command { std: "docker" "rm" "-f" "4543c84eb480ea4d89612a514eab49571da627048110684abe110d9b6aaeba17", kill_on_drop: false }`
[INFO] [stdout] 4543c84eb480ea4d89612a514eab49571da627048110684abe110d9b6aaeba17
